 6*y - 15. Let q = 138 - 88. Suppose -43*j = -48*j - q. What is the tens digit of z(j)?
4
Suppose 32*c - 15*c - 7582 = 0. What is the hundreds digit of c?
4
Let m = 38 + -24. What is the units digit of (0 + (-4)/7)/(m/(-98))?
4
Let g(d) = 5*d**2 - 19*d - 166. What is the tens digit of g(20)?
5
Let i(c) = c**2 + 7*c + 10. Let u be i(-9). Suppose -3*q = -58 + 4. Suppose 3*w - o - q = 2*w, -2*w = 2*o - u. What is the units digit of w?
6
Let v(r) be the second derivative of -r**5/20 - 7*r**4/6 - 13*r**3/3 + 13*r**2/2 - 41*r. What is the hundreds digit of v(-13)?
1
Let w be (-3)/((-45)/6)*25. Let g = 13 - w. Suppose 0 = 5*v - 7 - g. What is the units digit of v?
2
Suppose 2*h + y = 598, -3*h + 396 = -2*y - 501. What is the tens digit of h?
9
Let a(o) = -o**2 + 4*o. Let r be a(4). Suppose -2*k - 3*q = -169, -k + 80 = -r*k + 3*q. Suppose 0 = -5*m + 219 - k. What is the units digit of m?
6
Suppose 5*u = -0*u + 20. Let m(v) = v**2 + 2*v - 1. Let n be m(-4). Suppose -8 = -u*q, -3*g + 115 = n*q - 2*q. What is the tens digit of g?
3
Let u(g) = 25*g**2 + 59*g + 11. What is the hundreds digit of u(-6)?
5
Let x(o) = -o + 50. Let w be x(13). Suppose -w + 5 = -8*f. What is the units digit of f?
4
Suppose 4*s + 5*g - 27 = 33, 3*s + g = 56. Let f(o) = 5*o - 34. Let u be f(14). Let q = u - s. What is the tens digit of q?
1
Let g = 724 + -383. What is the hundreds digit of g?
3
Suppose 7*w - 8*w + 4 = 0. Suppose -j + w*j = 102. What is the tens digit of j?
3
Let o = 14 + -11. Suppose -2 = s - j, -o*s - 5*j + 13 = -21. Suppose -2*c + 45 = -5*a, -s*c = 5*a + 17 - 47. What is the units digit of c?
5
Let n(j) = 2*j**2 - 12*j + 8. Let k be n(10). Suppose c - 3*s - k + 17 = 0, 4*s = 5*c - 410. Let x = c - 61. What is the units digit of x?
5
Let q(k) = k. Let l be q(1). Suppose -l = 5*c + 39. What is the units digit of 8*(c/(-2) - 3)?
8
Let r(c) = 8*c**2 + 4*c**2 - 4*c**2 + 1. Let u be r(-1). What is the units digit of (-4)/(24/u)*-2?
3
Suppose -2*t + 6*t - 1268 = 0. Let z = t - 130. What is the units digit of z?
7
Suppose -n = t - 97, -4*t = 2*n - 136 - 248. What is the units digit of t?
5
Suppose 0 = 62*j - 95946 - 79762. What is the thousands digit of j?
2
Let k = -1016 + 3348. What is the units digit of k?
2
Let v(y) = 4*y - 49. What is the tens digit of v(21)?
3
Let o = 202 + 137. What is the tens digit of o?
3
What is the tens digit of -4*((-705)/4 + (-10)/(-2))?
8
Let k = -39 - -37. What is the units digit of (105/(-45))/(k/42)?
9
Suppose -r + 294 = -2*f - 14, -3*r = -4*f - 918. What is the tens digit of r?
0
Let w = -85 + -10. Let g be (-530)/8 + 3/(-4). Let h = g - w. What is the units digit of h?
8
Let x be (-9 - -8)*(-1 - -1). Suppose x = -b + 2*u + 30, -114 = -4*b + 6*u - u. What is the units digit of b?
6
Let w(h) = -20*h + 12 + 24*h - 30. What is the units digit of w(12)?
0
Suppose -3*z - 2*c + 1939 = 0, -5*z + 14*c + 3205 = 12*c. What is the hundreds digit of z?
6
Suppose 9 = 3*o - 27. Let m be o*-4*(-1)/(-3). What is the tens digit of 15 - (m/4 + 3)?
1
Suppose 2*y = 41 + 7. Let c be (0 - (-265)/(-15)) + (-2)/6. Let k = c + y. What is the units digit of k?
6
Let g be ((-15)/(-12))/((-7)/(-84)). What is the tens digit of (-89)/(-3) - 10/g?
2
Let o(t) = t**3 + 10*t**2 + 6*t - 3. Let z be o(-6). Suppose -4 = 4*y, 4*d + 3*y = 8*y + z. Let u = d + 8. What is the tens digit of u?
3
Suppose 3*r - 234 = -3*z, 2*z - 56 = -5*r + 103. Suppose 2*n = l + z, -3*n + 188 = 2*n + 2*l. What is the units digit of n?
8
Suppose 0 = 4*m + 9246 - 24370. What is the thousands digit of m?
3
Let j(h) = -2*h + 1. Suppose 5*x + 9 + 1 = 0. What is the units digit of j(x)?
5
What is the hundreds digit of 1 + ((-104004)/(-32) - (-3)/(-24))?
2
Let z = -76 - -78. What is the units digit of (103/z)/((-17)/(-34))?
3
Let u be (-348)/5 - (-12)/20. Let l = 110 + u. What is the units digit of l?
1
Let k be 3500/17 + 4/34. Suppose 786 = -0*b + 4*b + c, b - k = -5*c. What is the units digit of b?
6
What is the tens digit of (-55)/(-33)*(-2256)/15*-6?
0
Let p be ((-4)/6)/((-16)/(-24)). Let z be 7 + (-3 - -2) + p. Let f = z + 29. What is the tens digit of f?
3
Let b = 48 + -48. Suppose 4*w + b*w - 524 = -3*r, -3*r + 256 = 2*w. What is the hundreds digit of w?
1
Let o(m) = -m - 6. Let g be o(-9). Suppose 0 = -b + 2*b, -3*b = g*i - 9. Suppose -x + i*x = 16. What is the units digit of x?
8
Let p = 15 - 8. Let v = 139 + p. What is the units digit of v?
6
Let v(z) = 8*z - 15. Suppose 5*g + 3*f - 40 = 0, 5*g - 4*f - 5 = -0*f. What is the tens digit of v(g)?
2
Suppose -2*r + 7*r = 40. What is the tens digit of (-180)/r*16/(-6)?
6
Let r(p) = -p**3 + 13*p**2 + 15*p - 10. Let h be r(14). Suppose h*w + 2*u - 24 = 0, 2*w - 4*w = -5*u - 24. What is the units digit of w?
7
Suppose 0 = 13*l - 19*l + 324. Let v = 87 - l. What is the tens digit of v?
3
Suppose -6*q + 21*q = 22860. What is the hundreds digit of q?
5
Suppose w + 2*y + 14 = 0, 3*w - 4*y + 37 = -5*y. Let h be 1/((-16)/w - 1). What is the units digit of 6/h + 0 + 2?
4
Let d(j) = j**2 - j - 1. Let n be d(-4). Let v = 78 - n. What is the tens digit of v?
5
Let i be 25/3 + 5*(-8)/(-60). Let u be -12*(1 - 2/4). Let r = i + u. What is the units digit of r?
3
Suppose 4*k - 1 = 15, 8 = 2*r + 2*k. Let g be 5*(-1 + (-82)/(-10)). Suppose r*a - g = -3*a. What is the tens digit of a?
1
Suppose -y + 23 + 24 = 0. Suppose 0 = -u + 88 + y. What is the hundreds digit of u?
1
Let z = 39 - 17. Let l = 49 - z. Suppose -4*w = 5*q - 208, -5*w = 4*q + l - 188. What is the tens digit of q?
4
Let i = 29 - 24. Let b be 26/i - 5/25. Let w = b - -17. What is the units digit of w?
2
Let n(c) = 8*c**2 - 3*c + 7. Let r be n(-5). Let q = -65 + r. What is the tens digit of q?
5
Suppose -175 = -2*a - 3*a. Suppose -5*j - 8 = -3*d + 22, -5*j = -4*d + a. Suppose -d*z = -4*h - 80, -3*z = -7*z - 5*h + 23. What is the tens digit of z?
1
Let w be 7 - (2 - 2 - -4). What is the units digit of (15/(-10))/(w/(-48))?
4
Suppose 4*w = 3*n + 1791, -11*w - 892 = -13*w - 2*n. What is the units digit of w?
7
Let n(z) = z**3 - 7*z**2 + 2*z + 8. Let a be n(7). Suppose 0 = k + k - a. Suppose -3*u = -4*s + k + 10, 15 = 3*u. What is the units digit of s?
9
Let a = 71 + -83. What is the tens digit of 112 + ((-9)/a)/((-2)/(-8))?
1
Suppose -3*v - 2 = -5*d - 12, -5*d - 40 = 3*v. What is the units digit of ((-6888)/(-140))/((-1)/v)?
6
Let v(w) = 31*w**2 - 5*w - 3. What is the hundreds digit of v(-3)?
2
Suppose -p + 19 - 16 = 0. Suppose 5*d = 3*s + 240, -s + p*s = -5*d + 240. What is the tens digit of d?
4
Let m be (-17)/(-4) + (-1)/4. Suppose -2*q + 3*q = m. Suppose -4*x - 10 = -a + 5, -q = 4*x. What is the units digit of a?
1
Let b(c) = -9*c + 3 - 7 - 8. Let z = 109 + -115. What is the tens digit of b(z)?
4
Suppose 0 = -3*o + 7*o - p + 93, 5*o + 2*p = -113. Let v = o - -28. Suppose 0*i + 155 = v*i. What is the tens digit of i?
3
Let m = 7143 + -3921. What is the tens digit of m?
2
Suppose 0 = k + 3*k - 80. Let l = k - 23. What is the units digit of 1/(-2)*-16 - l?
1
Let k be 468 - (4/8)/((-4)/16). Suppose 28*c = 33*c - k. What is the tens digit of c?
9
Suppose -4*x - 16 = 0, 4*g + 4*x = 5*g - 5643. What is the hundreds digit of g?
6
Let f(a) = a**2 + 5*a + 1. Let t(u) = -9*u**2 - 2*u + 1. Let z be t(1). Let x be f(z). Suppose -3*r + x = -36. What is the tens digit of r?
2
Let l be 3416/70*(-60)/(-1). Suppose -2*n + 14*n = l. What is the hundreds digit of n?
2
Let w(i) = -13*i - 6. Let v be w(-2). Let o(f) = -v - 1 - 5*f - 2*f. What is the units digit of o(-9)?
2
Let k be 7 + 3/(-1) + -1. What is the units digit of 3702/21 + k/(-42)*4?
6
Let x be -2 + 7 - (1 - 0). What is the tens digit of -3 + x/((-16)/(-260))?
6
Suppose 2*c + 4 = 0, 4*v - 3*c - 151 - 15 = 0. What is the tens digit of v?
4
Let f be (-8)/2 - 12/(-2). Suppose j - 40 = -5*u - 2*j, f*u + 2*j - 12 = 0. What is the tens digit of 4 + u/(11/24)?
2
Suppose 5*u + 1 = 3*l + l, -4*u - 3*l = -24. Suppose -u*j - 175 = -g - 6*j, -3*g + j + 475 = 0. What is the tens digit of g?
6
What is the thousands digit of (-60622)/(-18) - (-870)/783?
3
Let o(r) = r**3 + 8*r**2 + 2*r + 18. Let g be o(-8). Suppose 3*z = -g*t + 477, 4*z - 636 = -0*z - 4*t. What is the tens digit of z?
5
Let n = -1345 + 1998. What is the units digit of n?
3
Let f(t) = 89*t**2 + 39. What is